{"id":4050,"date":"2017-08-12T19:03:44","date_gmt":"2017-08-12T19:03:44","guid":{"rendered":"http:\/\/demo.acmethemes.com\/medical-circle\/?page_id=84"},"modified":"2025-02-12T11:23:14","modified_gmt":"2025-02-12T16:23:14","slug":"extensive-operation-theater","status":"publish","type":"page","link":"https:\/\/sansebastianips.com.co\/?page_id=4050","title":{"rendered":"Hospitalizaci\u00f3n"},"content":{"rendered":"<p data-start=\"249\" data-end=\"649\">En nuestra cl\u00ednica, ofrecemos un servicio de hospitalizaci\u00f3n integral, dise\u00f1ado para brindar la mejor atenci\u00f3n m\u00e9dica a nuestros pacientes en un ambiente c\u00f3modo, seguro y con el m\u00e1s alto est\u00e1ndar de calidad. Contamos con instalaciones modernas, equipamiento de \u00faltima generaci\u00f3n y un equipo de profesionales altamente capacitados, comprometidos con el bienestar de cada uno de nuestros pacientes.<\/p>\n<h3 data-start=\"651\" data-end=\"690\">Hospitalizaci\u00f3n de Alta Calidad<\/h3>\n<p data-start=\"692\" data-end=\"943\">Nuestra unidad de hospitalizaci\u00f3n est\u00e1 pensada para garantizar una atenci\u00f3n personalizada y oportuna durante la estad\u00eda del paciente. Ya sea para un procedimiento quir\u00fargico, cuidados postoperatorios o tratamiento m\u00e9dico, en nuestra cl\u00ednica ofrecemos:<\/p>\n<ul data-start=\"945\" data-end=\"1336\">\n<li data-start=\"945\" data-end=\"1023\">Habitaciones privadas y semiprivadas, equipadas con tecnolog\u00eda de punta.<\/li>\n<li data-start=\"1024\" data-end=\"1127\">Atenci\u00f3n constante por parte de m\u00e9dicos especialistas, enfermeras y personal de salud capacitado.<\/li>\n<li data-start=\"1128\" data-end=\"1248\">Monitoreo constante de las condiciones del paciente, con equipos de alta tecnolog\u00eda para asegurar su recuperaci\u00f3n.<\/li>\n<li data-start=\"1249\" data-end=\"1336\">Atenci\u00f3n 24\/7 para brindar seguridad y respuesta inmediata a cualquier necesidad.<\/li>\n<\/ul>\n<h3 data-start=\"1338\" data-end=\"1395\">\u00bfQu\u00e9 Incluye Nuestro Servicio de Hospitalizaci\u00f3n?<\/h3>\n<ol data-start=\"1397\" data-end=\"2452\">\n<li data-start=\"1397\" data-end=\"1599\">\n<p data-start=\"1400\" data-end=\"1599\">Monitoreo y Cuidados M\u00e9dicos Continuos: Cada paciente cuenta con un seguimiento constante por parte de nuestros m\u00e9dicos y enfermeras, para garantizar una recuperaci\u00f3n r\u00e1pida y sin complicaciones.<\/p>\n<\/li>\n<li data-start=\"1603\" data-end=\"1817\">\n<p data-start=\"1606\" data-end=\"1817\">Atenci\u00f3n Especializada: Disponemos de un equipo multidisciplinario que incluye m\u00e9dicos especialistas, nutricionistas, fisioterapeutas y psic\u00f3logos, todos trabajando para proporcionar un tratamiento integral.<\/p>\n<\/li>\n<li data-start=\"1819\" data-end=\"2062\">\n<p data-start=\"1822\" data-end=\"2062\">Comodidad y Bienestar: Sabemos lo importante que es la comodidad durante la hospitalizaci\u00f3n. Nuestras habitaciones est\u00e1n dise\u00f1adas pensando en el bienestar del paciente, con opciones de descanso que promueven la relajaci\u00f3n y el confort.<\/p>\n<\/li>\n<li data-start=\"2064\" data-end=\"2225\">\n<p data-start=\"2067\" data-end=\"2225\">Servicio de Alimentaci\u00f3n Personalizada: Adaptamos las dietas a las necesidades espec\u00edficas de cada paciente, siempre en coordinaci\u00f3n con el equipo m\u00e9dico.<\/p>\n<\/li>\n<li data-start=\"2227\" data-end=\"2452\">\n<p data-start=\"2230\" data-end=\"2452\">Visitas de Familiares: Entendemos lo esencial del apoyo emocional en los procesos de recuperaci\u00f3n. Fomentamos un ambiente familiar, permitiendo visitas de acuerdo a las normativas de seguridad y bienestar del paciente.<\/p>\n<\/li>\n<\/ol>\n<h3 data-start=\"2454\" data-end=\"2498\">Protocolos de Seguridad y Prevenci\u00f3n<\/h3>\n<p data-start=\"2500\" data-end=\"2705\">La salud de nuestros pacientes es nuestra principal prioridad. Por eso, en el servicio de hospitalizaci\u00f3n implementamos estrictos protocolos de seguridad, higiene y prevenci\u00f3n de infecciones, que incluyen:<\/p>\n<ul data-start=\"2707\" data-end=\"2990\">\n<li data-start=\"2707\" data-end=\"2795\">Protocolos de limpieza rigurosos para mantener las instalaciones impecables y seguras.<\/li>\n<li data-start=\"2796\" data-end=\"2896\">Capacitaci\u00f3n constante a nuestro personal para asegurar el cumplimiento de normas de bioseguridad.<\/li>\n<li data-start=\"2897\" data-end=\"2990\">\n<p style=\"text-align: left;\">Uso de equipos de protecci\u00f3n individual (EPI) para prevenir la transmisi\u00f3n de enfermedades.<\/p>\n<\/li>\n<\/ul>\n","protected":false},"excerpt":{"rendered":"<p>En nuestra cl\u00ednica, ofrecemos un servicio de hospitalizaci\u00f3n integral, dise\u00f1ado para brindar la mejor atenci\u00f3n m\u00e9dica a nuestros pacientes en un ambiente c\u00f3modo, seguro y con el m\u00e1s alto est\u00e1ndar de calidad.<\/p>\n","protected":false},"author":1,"featured_media":4227,"parent":0,"menu_order":0,"comment_status":"closed","ping_status":"closed","template":"","meta":{"footnotes":""},"class_list":["post-4050","page","type-page","status-publish","has-post-thumbnail","hentry"],"featured_image_src":"https:\/\/sansebastianips.com.co\/wp-content\/uploads\/2025\/02\/FOTO-_16-scaled.jpg","brizy_media":[],"_links":{"self":[{"href":"https:\/\/sansebastianips.com.co\/index.php?rest_route=\/wp\/v2\/pages\/4050","targetHints":{"allow":["GET"]}}],"collection":[{"href":"https:\/\/sansebastianips.com.co\/index.php?rest_route=\/wp\/v2\/pages"}],"about":[{"href":"https:\/\/sansebastianips.com.co\/index.php?rest_route=\/wp\/v2\/types\/page"}],"author":[{"embeddable":true,"href":"https:\/\/sansebastianips.com.co\/index.php?rest_route=\/wp\/v2\/users\/1"}],"replies":[{"embeddable":true,"href":"https:\/\/sansebastianips.com.co\/index.php?rest_route=%2Fwp%2Fv2%2Fcomments&post=4050"}],"version-history":[{"count":5,"href":"https:\/\/sansebastianips.com.co\/index.php?rest_route=\/wp\/v2\/pages\/4050\/revisions"}],"predecessor-version":[{"id":4251,"href":"https:\/\/sansebastianips.com.co\/index.php?rest_route=\/wp\/v2\/pages\/4050\/revisions\/4251"}],"wp:featuredmedia":[{"embeddable":true,"href":"https:\/\/sansebastianips.com.co\/index.php?rest_route=\/wp\/v2\/media\/4227"}],"wp:attachment":[{"href":"https:\/\/sansebastianips.com.co\/index.php?rest_route=%2Fwp%2Fv2%2Fmedia&parent=4050"}],"curies":[{"name":"wp","href":"https:\/\/api.w.org\/{rel}","templated":true}]}}